{"id":1472,"date":"2024-09-05T07:39:59","date_gmt":"2024-09-05T07:39:59","guid":{"rendered":"https:\/\/ankaradokumsanayi.com\/?page_id=1472"},"modified":"2026-04-14T12:56:24","modified_gmt":"2026-04-14T12:56:24","slug":"kanal-yagmur-suyu-izgarasi","status":"publish","type":"page","link":"https:\/\/ankaradokumsanayi.com\/index.php\/kanal-yagmur-suyu-izgarasi\/","title":{"rendered":"Kanal Ya\u011fmur Suyu Izgaras\u0131"},"content":{"rendered":"<style>.elementor-1472 .elementor-element.elementor-element-6600ec5{--display:flex;--min-height:0vh;--flex-direction:row;--container-widget-width:calc( ( 1 - var( --container-widget-flex-grow ) ) * 100% );--container-widget-height:100%;--container-widget-flex-grow:1;--container-widget-align-self:stretch;--flex-wrap-mobile:wrap;--justify-content:center;--align-items:flex-start;--gap:0px 0px;--row-gap:0px;--column-gap:0px;--flex-wrap:wrap;--align-content:flex-start;--overlay-opacity:0.05;--overlay-mix-blend-mode:saturation;--margin-top:100px;--margin-bottom:0px;--margin-left:0px;--margin-right:0px;}.elementor-1472 .elementor-element.elementor-element-6600ec5::before, .elementor-1472 .elementor-element.elementor-element-6600ec5 > .elementor-background-video-container::before, .elementor-1472 .elementor-element.elementor-element-6600ec5 > .e-con-inner > .elementor-background-video-container::before, .elementor-1472 .elementor-element.elementor-element-6600ec5 > .elementor-background-slideshow::before, .elementor-1472 .elementor-element.elementor-element-6600ec5 > .e-con-inner > .elementor-background-slideshow::before, .elementor-1472 .elementor-element.elementor-element-6600ec5 > .elementor-motion-effects-container > .elementor-motion-effects-layer::before{background-color:transparent;--background-overlay:'';background-image:linear-gradient(353deg, #FFFFFF1A 0%, #FFFFFF1A 100%);}.elementor-1472 .elementor-element.elementor-element-6600ec5.e-con{--align-self:flex-start;}.elementor-1472 .elementor-element.elementor-element-4765a01{--display:flex;--min-height:0vh;--flex-direction:column;--container-widget-width:calc( ( 1 - var( --container-widget-flex-grow ) ) * 100% );--container-widget-height:initial;--container-widget-flex-grow:0;--container-widget-align-self:initial;--flex-wrap-mobile:wrap;--justify-content:center;--align-items:center;--gap:1px 1px;--row-gap:1px;--column-gap:1px;--background-transition:0.7s;--overlay-opacity:0.5;border-style:none;--border-style:none;--border-radius:0px 0px 0px 0px;}.elementor-1472 .elementor-element.elementor-element-4765a01::before, .elementor-1472 .elementor-element.elementor-element-4765a01 > .elementor-background-video-container::before, .elementor-1472 .elementor-element.elementor-element-4765a01 > .e-con-inner > .elementor-background-video-container::before, .elementor-1472 .elementor-element.elementor-element-4765a01 > .elementor-background-slideshow::before, .elementor-1472 .elementor-element.elementor-element-4765a01 > .e-con-inner > .elementor-background-slideshow::before, .elementor-1472 .elementor-element.elementor-element-4765a01 > .elementor-motion-effects-container > .elementor-motion-effects-layer::before{--background-overlay:'';}.elementor-1472 .elementor-element.elementor-element-0086e2a.elementor-element{--align-self:center;}.elementor-1472 .elementor-element.elementor-element-0086e2a{border-style:none;text-align:center;}.elementor-1472 .elementor-element.elementor-element-0086e2a img{width:80%;max-width:100%;opacity:1;filter:brightness( 100% ) contrast( 150% ) saturate( 100% ) blur( 0px ) hue-rotate( 0deg );transition-duration:0s;border-style:none;border-radius:50px 50px 50px 50px;box-shadow:0px 0px 0px 0px rgba(0,0,0,0.5);}.elementor-1472 .elementor-element.elementor-element-0086e2a:hover img{opacity:1;filter:brightness( 94% ) contrast( 200% ) saturate( 0% ) blur( 0px ) hue-rotate( 301deg );}.elementor-1472 .elementor-element.elementor-element-9fe76c3{width:var( --container-widget-width, 75% );max-width:75%;margin:-35px 0px calc(var(--kit-widget-spacing, 0px) + 0px) 0px;--container-widget-width:75%;--container-widget-flex-grow:0;text-align:center;}.elementor-1472 .elementor-element.elementor-element-9fe76c3.elementor-element{--align-self:center;}.elementor-1472 .elementor-element.elementor-element-9fe76c3 .elementor-heading-title{font-family:\"Alata\", Sans-serif;font-size:30px;font-weight:500;}.elementor-1472 .elementor-element.elementor-element-599e038{--display:flex;--min-height:0vh;--flex-direction:column;--container-widget-width:calc( ( 1 - var( --container-widget-flex-grow ) ) * 100% );--container-widget-height:initial;--container-widget-flex-grow:0;--container-widget-align-self:initial;--flex-wrap-mobile:wrap;--justify-content:center;--align-items:center;--gap:1px 1px;--row-gap:1px;--column-gap:1px;}.elementor-1472 .elementor-element.elementor-element-baaad1f.elementor-element{--order:-99999 \/* order start hack *\/;}.elementor-1472 .elementor-element.elementor-element-baaad1f{text-align:center;}.elementor-1472 .elementor-element.elementor-element-baaad1f img{width:80%;filter:brightness( 100% ) contrast( 150% ) saturate( 100% ) blur( 0px ) hue-rotate( 0deg );}.elementor-1472 .elementor-element.elementor-element-baaad1f:hover img{opacity:1;filter:brightness( 94% ) contrast( 200% ) saturate( 0% ) blur( 0px ) hue-rotate( 301deg );}.elementor-1472 .elementor-element.elementor-element-5af21df{width:var( --container-widget-width, 75% );max-width:75%;margin:-35px 0px calc(var(--kit-widget-spacing, 0px) + 0px) 0px;--container-widget-width:75%;--container-widget-flex-grow:0;text-align:center;}.elementor-1472 .elementor-element.elementor-element-5af21df .elementor-heading-title{font-family:\"Alata\", Sans-serif;font-size:30px;font-weight:500;}.elementor-1472 .elementor-element.elementor-element-a505a7e{--display:flex;--min-height:0vh;--flex-direction:column;--container-widget-width:calc( ( 1 - var( --container-widget-flex-grow ) ) * 100% );--container-widget-height:initial;--container-widget-flex-grow:0;--container-widget-align-self:initial;--flex-wrap-mobile:wrap;--justify-content:center;--align-items:center;--gap:1px 1px;--row-gap:1px;--column-gap:1px;}.elementor-1472 .elementor-element.elementor-element-3a5e1fe{text-align:center;}.elementor-1472 .elementor-element.elementor-element-3a5e1fe img{width:80%;opacity:1;filter:brightness( 100% ) contrast( 150% ) saturate( 100% ) blur( 0px ) hue-rotate( 0deg );}.elementor-1472 .elementor-element.elementor-element-3a5e1fe:hover img{opacity:1;filter:brightness( 100% ) contrast( 199% ) saturate( 100% ) blur( 0px ) hue-rotate( 0deg );}.elementor-1472 .elementor-element.elementor-element-b6d211c{width:var( --container-widget-width, 75% );max-width:75%;margin:-35px 0px calc(var(--kit-widget-spacing, 0px) + 0px) 0px;--container-widget-width:75%;--container-widget-flex-grow:0;text-align:center;}.elementor-1472 .elementor-element.elementor-element-b6d211c .elementor-heading-title{font-family:\"Alata\", Sans-serif;font-size:30px;font-weight:500;}.elementor-1472 .elementor-element.elementor-element-954013d{--display:flex;--min-height:0vh;--flex-direction:column;--container-widget-width:calc( ( 1 - var( --container-widget-flex-grow ) ) * 100% );--container-widget-height:initial;--container-widget-flex-grow:0;--container-widget-align-self:initial;--flex-wrap-mobile:wrap;--justify-content:center;--align-items:center;--gap:1px 1px;--row-gap:1px;--column-gap:1px;}.elementor-1472 .elementor-element.elementor-element-133cbd6{text-align:center;}.elementor-1472 .elementor-element.elementor-element-133cbd6 img{width:80%;opacity:1;filter:brightness( 100% ) contrast( 150% ) saturate( 100% ) blur( 0px ) hue-rotate( 0deg );}.elementor-1472 .elementor-element.elementor-element-133cbd6:hover img{opacity:1;filter:brightness( 100% ) contrast( 150% ) saturate( 100% ) blur( 0px ) hue-rotate( 0deg );}.elementor-1472 .elementor-element.elementor-element-e85dd87{width:var( --container-widget-width, 75% );max-width:75%;margin:-35px 0px calc(var(--kit-widget-spacing, 0px) + 0px) 0px;--container-widget-width:75%;--container-widget-flex-grow:0;text-align:center;}.elementor-1472 .elementor-element.elementor-element-e85dd87 .elementor-heading-title{font-family:\"Alata\", Sans-serif;font-size:30px;font-weight:500;}.elementor-1472 .elementor-element.elementor-element-a89371d{--display:flex;--min-height:0vh;--flex-direction:column;--container-widget-width:calc( ( 1 - var( --container-widget-flex-grow ) ) * 100% );--container-widget-height:initial;--container-widget-flex-grow:0;--container-widget-align-self:initial;--flex-wrap-mobile:wrap;--justify-content:center;--align-items:center;--gap:1px 1px;--row-gap:1px;--column-gap:1px;}.elementor-1472 .elementor-element.elementor-element-30788d2{text-align:center;}.elementor-1472 .elementor-element.elementor-element-30788d2 img{width:80%;opacity:1;filter:brightness( 100% ) contrast( 150% ) saturate( 100% ) blur( 0px ) hue-rotate( 0deg );}.elementor-1472 .elementor-element.elementor-element-30788d2:hover img{opacity:1;filter:brightness( 100% ) contrast( 150% ) saturate( 100% ) blur( 0px ) hue-rotate( 0deg );}.elementor-1472 .elementor-element.elementor-element-ccbdf06{width:var( --container-widget-width, 75% );max-width:75%;margin:-35px 0px calc(var(--kit-widget-spacing, 0px) + 0px) 0px;--container-widget-width:75%;--container-widget-flex-grow:0;text-align:center;}.elementor-1472 .elementor-element.elementor-element-ccbdf06 .elementor-heading-title{font-family:\"Alata\", Sans-serif;font-size:30px;font-weight:500;}.elementor-1472 .elementor-element.elementor-element-d3a38b5{--display:flex;--min-height:0vh;--flex-direction:column;--container-widget-width:calc( ( 1 - var( --container-widget-flex-grow ) ) * 100% );--container-widget-height:initial;--container-widget-flex-grow:0;--container-widget-align-self:initial;--flex-wrap-mobile:wrap;--justify-content:center;--align-items:center;--gap:1px 1px;--row-gap:1px;--column-gap:1px;}.elementor-1472 .elementor-element.elementor-element-e14477b{margin:0px 0px calc(var(--kit-widget-spacing, 0px) + 0px) 0px;padding:0px 0px 0px 0px;}.elementor-1472 .elementor-element.elementor-element-e14477b.elementor-element{--align-self:center;}.elementor-1472 .elementor-element.elementor-element-e14477b img{width:80%;opacity:1;filter:brightness( 100% ) contrast( 150% ) saturate( 100% ) blur( 0px ) hue-rotate( 0deg );}.elementor-1472 .elementor-element.elementor-element-e14477b:hover img{opacity:1;filter:brightness( 100% ) contrast( 150% ) saturate( 100% ) blur( 0px ) hue-rotate( 0deg );}.elementor-1472 .elementor-element.elementor-element-546b597{width:var( --container-widget-width, 76% );max-width:76%;margin:-35px 0px calc(var(--kit-widget-spacing, 0px) + 0px) 0px;--container-widget-width:76%;--container-widget-flex-grow:0;text-align:center;}.elementor-1472 .elementor-element.elementor-element-546b597 .elementor-heading-title{font-family:\"Alata\", Sans-serif;font-size:30px;font-weight:500;}.elementor-1472 .elementor-element.elementor-element-d93fdd2{width:100%;max-width:100%;text-align:center;}.elementor-1472 .elementor-element.elementor-element-d93fdd2.elementor-element{--order:-99999 \/* order start hack *\/;}.elementor-1472 .elementor-element.elementor-element-d93fdd2 .elementor-heading-title{font-family:\"Alata\", Sans-serif;font-size:40px;font-weight:300;color:var( --e-global-color-astglobalcolor2 );}.elementor-1472 .elementor-element.elementor-element-dd40373{width:100%;max-width:100%;margin:0px 180px calc(var(--kit-widget-spacing, 0px) + 0px) 180px;padding:0px 0px 0px 0px;text-align:center;font-family:\"Alata\", Sans-serif;font-size:13px;font-weight:300;color:var( --e-global-color-text );}.elementor-1472 .elementor-element.elementor-element-dd40373.elementor-element{--order:-99999 \/* order start hack *\/;}:root{--page-title-display:none;}@media(max-width:1024px){.elementor-1472 .elementor-element.elementor-element-dd40373{margin:0px 0px calc(var(--kit-widget-spacing, 0px) + 0px) 0px;}}@media(max-width:767px){.elementor-1472 .elementor-element.elementor-element-6600ec5{--gap:0px 0px;--row-gap:0px;--column-gap:0px;}.elementor-1472 .elementor-element.elementor-element-9fe76c3{width:100%;max-width:100%;}.elementor-1472 .elementor-element.elementor-element-599e038{--margin-top:0px;--margin-bottom:0px;--margin-left:0px;--margin-right:0px;--padding-top:0px;--padding-bottom:0px;--padding-left:0px;--padding-right:0px;}.elementor-1472 .elementor-element.elementor-element-baaad1f{margin:0px 0px calc(var(--kit-widget-spacing, 0px) + 0px) 0px;padding:0px 0px 0px 0px;}.elementor-1472 .elementor-element.elementor-element-5af21df{width:100%;max-width:100%;}.elementor-1472 .elementor-element.elementor-element-b6d211c{width:100%;max-width:100%;}.elementor-1472 .elementor-element.elementor-element-e85dd87{width:100%;max-width:100%;}.elementor-1472 .elementor-element.elementor-element-ccbdf06{width:100%;max-width:100%;}.elementor-1472 .elementor-element.elementor-element-546b597{width:100%;max-width:100%;}}@media(min-width:768px){.elementor-1472 .elementor-element.elementor-element-4765a01{--width:33.3333%;}.elementor-1472 .elementor-element.elementor-element-599e038{--width:33.3333%;}.elementor-1472 .elementor-element.elementor-element-a505a7e{--width:33.3333%;}.elementor-1472 .elementor-element.elementor-element-954013d{--width:33.3333%;}.elementor-1472 .elementor-element.elementor-element-a89371d{--width:33.3333%;}.elementor-1472 .elementor-element.elementor-element-d3a38b5{--width:33.3333%;}}<\/style>\t\t<div data-elementor-type=\"wp-page\" data-elementor-id=\"1472\" class=\"elementor elementor-1472\">\n\t\t\t\t<div class=\"elementor-element elementor-element-6600ec5 e-con-full e-flex e-con e-parent\" data-id=\"6600ec5\" data-element_type=\"container\" data-settings=\"{&quot;background_background&quot;:&quot;classic&quot;}\">\n\t\t<div class=\"elementor-element elementor-element-4765a01 e-con-full e-flex e-con e-child\" data-id=\"4765a01\" data-element_type=\"container\">\n\t\t\t\t<div class=\"elementor-element elementor-element-0086e2a animated-slow elementor-invisible elementor-widget elementor-widget-image\" data-id=\"0086e2a\" data-element_type=\"widget\" data-settings=\"{&quot;_animation&quot;:&quot;fadeIn&quot;}\" data-widget_type=\"image.default\">\n\t\t\t\t\t\t\t\t\t\t\t\t\t\t\t\t<a href=\"https:\/\/ankaradokumsanayi.com\/index.php\/200500-pik-kanal-izgarasi\/\">\n\t\t\t\t\t\t\t<img decoding=\"async\" src=\"https:\/\/ankaradokumsanayi.com\/wp-content\/uploads\/2024\/09\/547_0-1-1-300x300.png\" title=\"547_0-1\" alt=\"547_0-1\" class=\"elementor-animation-bob\" loading=\"lazy\" \/>\t\t\t\t\t\t\t\t<\/a>\n\t\t\t\t\t\t\t\t\t\t\t\t\t\t\t<\/div>\n\t\t\t\t<div class=\"elementor-element elementor-element-9fe76c3 elementor-widget__width-initial elementor-widget-mobile__width-inherit elementor-widget elementor-widget-heading\" data-id=\"9fe76c3\" data-element_type=\"widget\" data-widget_type=\"heading.default\">\n\t\t\t\t\t<h2 class=\"elementor-heading-title elementor-size-default\"><a href=\"https:\/\/ankaradokumsanayi.com\/index.php\/200500-pik-kanal-izgarasi\/\">200x500 Pik Kanal Izgaras\u0131\n<\/a><\/h2>\t\t\t\t<\/div>\n\t\t\t\t<\/div>\n\t\t<div class=\"elementor-element elementor-element-599e038 e-con-full e-flex e-con e-child\" data-id=\"599e038\" data-element_type=\"container\">\n\t\t\t\t<div class=\"elementor-element elementor-element-baaad1f animated-slow elementor-invisible elementor-widget elementor-widget-image\" data-id=\"baaad1f\" data-element_type=\"widget\" data-settings=\"{&quot;_animation&quot;:&quot;fadeIn&quot;}\" data-widget_type=\"image.default\">\n\t\t\t\t\t\t\t\t\t\t\t\t\t\t\t\t<a href=\"https:\/\/ankaradokumsanayi.com\/index.php\/250500-pik-dokum-kanal-izgarasi\/\">\n\t\t\t\t\t\t\t<img decoding=\"async\" src=\"https:\/\/ankaradokumsanayi.com\/wp-content\/uploads\/2024\/09\/2615-kanal-yagmur-suyu-izgaralari-1-300x300.jpg\" title=\"2615-kanal-yagmur-suyu-izgaralari\" alt=\"2615-kanal-yagmur-suyu-izgaralari\" class=\"elementor-animation-bob\" loading=\"lazy\" \/>\t\t\t\t\t\t\t\t<\/a>\n\t\t\t\t\t\t\t\t\t\t\t\t\t\t\t<\/div>\n\t\t\t\t<div class=\"elementor-element elementor-element-5af21df elementor-widget__width-initial elementor-widget-mobile__width-inherit elementor-widget elementor-widget-heading\" data-id=\"5af21df\" data-element_type=\"widget\" data-widget_type=\"heading.default\">\n\t\t\t\t\t<h2 class=\"elementor-heading-title elementor-size-default\"><a href=\"https:\/\/ankaradokumsanayi.com\/index.php\/250500-pik-dokum-kanal-izgarasi\/\">250x500 Pik D\u00f6k\u00fcm Kanal Izgaras\u0131\n<\/a><\/h2>\t\t\t\t<\/div>\n\t\t\t\t<\/div>\n\t\t<div class=\"elementor-element elementor-element-a505a7e e-con-full e-flex e-con e-child\" data-id=\"a505a7e\" data-element_type=\"container\">\n\t\t\t\t<div class=\"elementor-element elementor-element-3a5e1fe animated-slow elementor-invisible elementor-widget elementor-widget-image\" data-id=\"3a5e1fe\" data-element_type=\"widget\" data-settings=\"{&quot;_animation&quot;:&quot;fadeIn&quot;}\" data-widget_type=\"image.default\">\n\t\t\t\t\t\t\t\t\t\t\t\t\t\t\t\t<a href=\"https:\/\/ankaradokumsanayi.com\/index.php\/300500-pik-dokum-kanal-izgarasi\/\">\n\t\t\t\t\t\t\t<img decoding=\"async\" src=\"https:\/\/ankaradokumsanayi.com\/wp-content\/uploads\/2024\/09\/114_0-1-1-300x300.png\" title=\"114_0-1\" alt=\"114_0-1\" class=\"elementor-animation-bob\" loading=\"lazy\" \/>\t\t\t\t\t\t\t\t<\/a>\n\t\t\t\t\t\t\t\t\t\t\t\t\t\t\t<\/div>\n\t\t\t\t<div class=\"elementor-element elementor-element-b6d211c elementor-widget__width-initial elementor-widget-mobile__width-inherit elementor-widget elementor-widget-heading\" data-id=\"b6d211c\" data-element_type=\"widget\" data-widget_type=\"heading.default\">\n\t\t\t\t\t<h2 class=\"elementor-heading-title elementor-size-default\"><a href=\"https:\/\/ankaradokumsanayi.com\/index.php\/300500-pik-dokum-kanal-izgarasi\/\">300x500 Pik D\u00f6k\u00fcm Kanal Izgaras\u0131\n<\/a><\/h2>\t\t\t\t<\/div>\n\t\t\t\t<\/div>\n\t\t<div class=\"elementor-element elementor-element-954013d e-con-full e-flex e-con e-child\" data-id=\"954013d\" data-element_type=\"container\">\n\t\t\t\t<div class=\"elementor-element elementor-element-133cbd6 animated-slow elementor-invisible elementor-widget elementor-widget-image\" data-id=\"133cbd6\" data-element_type=\"widget\" data-settings=\"{&quot;_animation&quot;:&quot;fadeIn&quot;}\" data-widget_type=\"image.default\">\n\t\t\t\t\t\t\t\t\t\t\t\t\t\t\t\t<a href=\"https:\/\/ankaradokumsanayi.com\/index.php\/300500-pikdokum-kanal-izgarasi\/\">\n\t\t\t\t\t\t\t<img decoding=\"async\" src=\"https:\/\/ankaradokumsanayi.com\/wp-content\/uploads\/2024\/09\/293_0-1-300x300.png\" title=\"293_0\" alt=\"293_0\" class=\"elementor-animation-bob\" loading=\"lazy\" \/>\t\t\t\t\t\t\t\t<\/a>\n\t\t\t\t\t\t\t\t\t\t\t\t\t\t\t<\/div>\n\t\t\t\t<div class=\"elementor-element elementor-element-e85dd87 elementor-widget__width-initial elementor-widget-mobile__width-inherit elementor-widget elementor-widget-heading\" data-id=\"e85dd87\" data-element_type=\"widget\" data-widget_type=\"heading.default\">\n\t\t\t\t\t<h2 class=\"elementor-heading-title elementor-size-default\"><a href=\"https:\/\/ankaradokumsanayi.com\/index.php\/300500-pikdokum-kanal-izgarasi\/\">300x500 Sfero D\u00f6k\u00fcm Kanal Izgaras\u0131\n<\/a><\/h2>\t\t\t\t<\/div>\n\t\t\t\t<\/div>\n\t\t<div class=\"elementor-element elementor-element-a89371d e-con-full e-flex e-con e-child\" data-id=\"a89371d\" data-element_type=\"container\">\n\t\t\t\t<div class=\"elementor-element elementor-element-30788d2 animated-slow elementor-invisible elementor-widget elementor-widget-image\" data-id=\"30788d2\" data-element_type=\"widget\" data-settings=\"{&quot;_animation&quot;:&quot;fadeIn&quot;}\" data-widget_type=\"image.default\">\n\t\t\t\t\t\t\t\t\t\t\t\t\t\t\t\t<a href=\"https:\/\/ankaradokumsanayi.com\/index.php\/450500-sfero-dokum-kanal-izgaralari\/\">\n\t\t\t\t\t\t\t<img decoding=\"async\" src=\"https:\/\/ankaradokumsanayi.com\/wp-content\/uploads\/2024\/09\/120_0-1-300x300.png\" title=\"120_0\" alt=\"120_0\" class=\"elementor-animation-bob\" loading=\"lazy\" \/>\t\t\t\t\t\t\t\t<\/a>\n\t\t\t\t\t\t\t\t\t\t\t\t\t\t\t<\/div>\n\t\t\t\t<div class=\"elementor-element elementor-element-ccbdf06 elementor-widget__width-initial elementor-widget-mobile__width-inherit elementor-widget elementor-widget-heading\" data-id=\"ccbdf06\" data-element_type=\"widget\" data-widget_type=\"heading.default\">\n\t\t\t\t\t<h2 class=\"elementor-heading-title elementor-size-default\"><a href=\"https:\/\/ankaradokumsanayi.com\/index.php\/450500-sfero-dokum-kanal-izgaralari\/\">450x500 Sfero D\u00f6k\u00fcm Kanal Izgaras\u0131\n<\/a><\/h2>\t\t\t\t<\/div>\n\t\t\t\t<\/div>\n\t\t<div class=\"elementor-element elementor-element-d3a38b5 e-con-full e-flex e-con e-child\" data-id=\"d3a38b5\" data-element_type=\"container\">\n\t\t\t\t<div class=\"elementor-element elementor-element-e14477b animated-slow elementor-invisible elementor-widget elementor-widget-image\" data-id=\"e14477b\" data-element_type=\"widget\" data-settings=\"{&quot;_animation&quot;:&quot;fadeIn&quot;}\" data-widget_type=\"image.default\">\n\t\t\t\t\t\t\t\t\t\t\t\t\t\t\t\t<a href=\"https:\/\/ankaradokumsanayi.com\/index.php\/5050-sfero-dokum-kanal-izgarasi\/\">\n\t\t\t\t\t\t\t<img decoding=\"async\" src=\"https:\/\/ankaradokumsanayi.com\/wp-content\/uploads\/2024\/09\/121_0-1-300x300.png\" title=\"121_0\" alt=\"121_0\" class=\"elementor-animation-bob\" loading=\"lazy\" \/>\t\t\t\t\t\t\t\t<\/a>\n\t\t\t\t\t\t\t\t\t\t\t\t\t\t\t<\/div>\n\t\t\t\t<div class=\"elementor-element elementor-element-546b597 elementor-widget__width-initial elementor-widget-mobile__width-inherit elementor-widget elementor-widget-heading\" data-id=\"546b597\" data-element_type=\"widget\" data-widget_type=\"heading.default\">\n\t\t\t\t\t<h2 class=\"elementor-heading-title elementor-size-default\"><a href=\"https:\/\/ankaradokumsanayi.com\/index.php\/5050-sfero-dokum-kanal-izgarasi\/\">500x500 Sfero D\u00f6k\u00fcm Kanal Izgaras\u0131\n<\/a><\/h2>\t\t\t\t<\/div>\n\t\t\t\t<\/div>\n\t\t\t\t<div class=\"elementor-element elementor-element-d93fdd2 elementor-widget__width-inherit elementor-invisible elementor-widget elementor-widget-heading\" data-id=\"d93fdd2\" data-element_type=\"widget\" data-settings=\"{&quot;_animation&quot;:&quot;fadeIn&quot;}\" data-widget_type=\"heading.default\">\n\t\t\t\t\t<h2 class=\"elementor-heading-title elementor-size-default\">Kanal Ya\u011fmur Suyu Izgaralar\u0131<\/h2>\t\t\t\t<\/div>\n\t\t\t\t<div class=\"elementor-element elementor-element-dd40373 elementor-widget__width-inherit elementor-invisible elementor-widget elementor-widget-text-editor\" data-id=\"dd40373\" data-element_type=\"widget\" data-settings=\"{&quot;_animation&quot;:&quot;fadeIn&quot;}\" data-widget_type=\"text-editor.default\">\n\t\t\t\t\t\t\t\t\t<p>Ankara D\u00f6k\u00fcm, kanal ya\u011fmur suyu \u0131zgaralar\u0131 ile su ta\u015fk\u0131nlar\u0131n\u0131 \u00f6nlemeyi ve etkin drenaj sa\u011flamay\u0131 ama\u00e7lar. Dayan\u0131kl\u0131 malzemelerden \u00fcretilen bu \u0131zgaralar, uzun \u00f6m\u00fcrl\u00fc kullan\u0131m sunar ve altyap\u0131 projelerinde g\u00fcvenilir bir \u00e7\u00f6z\u00fcm sa\u011flar.<\/p>\t\t\t\t\t\t\t\t<\/div>\n\t\t\t\t<\/div>\n\t\t\t\t<\/div>\n\t\t","protected":false},"excerpt":{"rendered":"<p>200&#215;500 Pik Kanal Izgaras\u0131 250&#215;500 Pik D\u00f6k\u00fcm Kanal Izgaras\u0131 300&#215;500 Pik D\u00f6k\u00fcm Kanal Izgaras\u0131 300&#215;500 Sfero D\u00f6k\u00fcm Kanal Izgaras\u0131 450&#215;500 [&hellip;]<\/p>\n","protected":false},"author":1,"featured_media":0,"parent":0,"menu_order":0,"comment_status":"closed","ping_status":"closed","template":"","meta":{"site-sidebar-layout":"no-sidebar","site-content-layout":"","ast-site-content-layout":"full-width-container","site-content-style":"default","site-sidebar-style":"default","ast-global-header-display":"","ast-banner-title-visibility":"","ast-main-header-display":"","ast-hfb-above-header-display":"","ast-hfb-below-header-display":"","ast-hfb-mobile-header-display":"","site-post-title":"disabled","ast-breadcrumbs-content":"","ast-featured-img":"disabled","footer-sml-layout":"","ast-disable-related-posts":"","theme-transparent-header-meta":"","adv-header-id-meta":"","stick-header-meta":"","header-above-stick-meta":"","header-main-stick-meta":"","header-below-stick-meta":"","astra-migrate-meta-layouts":"default","ast-page-background-enabled":"default","ast-page-background-meta":{"desktop":{"background-color":"var(--ast-global-color-4)","background-image":"","background-repeat":"repeat","background-position":"center center","background-size":"auto","background-attachment":"scroll","background-type":"","background-media":"","overlay-type":"","overlay-color":"","overlay-opacity":"","overlay-gradient":""},"tablet":{"background-color":"","background-image":"","background-repeat":"repeat","background-position":"center center","background-size":"auto","background-attachment":"scroll","background-type":"","background-media":"","overlay-type":"","overlay-color":"","overlay-opacity":"","overlay-gradient":""},"mobile":{"background-color":"","background-image":"","background-repeat":"repeat","background-position":"center center","background-size":"auto","background-attachment":"scroll","background-type":"","background-media":"","overlay-type":"","overlay-color":"","overlay-opacity":"","overlay-gradient":""}},"ast-content-background-meta":{"desktop":{"background-color":"var(--ast-global-color-5)","background-image":"","background-repeat":"repeat","background-position":"center center","background-size":"auto","background-attachment":"scroll","background-type":"","background-media":"","overlay-type":"","overlay-color":"","overlay-opacity":"","overlay-gradient":""},"tablet":{"background-color":"var(--ast-global-color-5)","background-image":"","background-repeat":"repeat","background-position":"center center","background-size":"auto","background-attachment":"scroll","background-type":"","background-media":"","overlay-type":"","overlay-color":"","overlay-opacity":"","overlay-gradient":""},"mobile":{"background-color":"var(--ast-global-color-5)","background-image":"","background-repeat":"repeat","background-position":"center center","background-size":"auto","background-attachment":"scroll","background-type":"","background-media":"","overlay-type":"","overlay-color":"","overlay-opacity":"","overlay-gradient":""}},"footnotes":""},"class_list":["post-1472","page","type-page","status-publish","hentry"],"_links":{"self":[{"href":"https:\/\/ankaradokumsanayi.com\/index.php\/wp-json\/wp\/v2\/pages\/1472","targetHints":{"allow":["GET"]}}],"collection":[{"href":"https:\/\/ankaradokumsanayi.com\/index.php\/wp-json\/wp\/v2\/pages"}],"about":[{"href":"https:\/\/ankaradokumsanayi.com\/index.php\/wp-json\/wp\/v2\/types\/page"}],"author":[{"embeddable":true,"href":"https:\/\/ankaradokumsanayi.com\/index.php\/wp-json\/wp\/v2\/users\/1"}],"replies":[{"embeddable":true,"href":"https:\/\/ankaradokumsanayi.com\/index.php\/wp-json\/wp\/v2\/comments?post=1472"}],"version-history":[{"count":0,"href":"https:\/\/ankaradokumsanayi.com\/index.php\/wp-json\/wp\/v2\/pages\/1472\/revisions"}],"wp:attachment":[{"href":"https:\/\/ankaradokumsanayi.com\/index.php\/wp-json\/wp\/v2\/media?parent=1472"}],"curies":[{"name":"wp","href":"https:\/\/api.w.org\/{rel}","templated":true}]}}