{"id":1599,"date":"2024-09-06T08:51:45","date_gmt":"2024-09-06T08:51:45","guid":{"rendered":"https:\/\/ankaradokumsanayi.com\/?page_id=1599"},"modified":"2026-04-28T03:01:06","modified_gmt":"2026-04-28T03:01:06","slug":"88-kg-ggg50-iski-baca-kapagi","status":"publish","type":"page","link":"https:\/\/ankaradokumsanayi.com\/88-kg-ggg50-iski-baca-kapagi\/","title":{"rendered":"88 Kg GGG50 \u0130ski R\u00f6gar Kapa\u011f\u0131"},"content":{"rendered":"\t\t<div data-elementor-type=\"wp-page\" data-elementor-id=\"1599\" class=\"elementor elementor-1599\">\n\t\t\t\t<div class=\"elementor-element elementor-element-668a2eb0 e-con-full e-flex e-con e-parent\" data-id=\"668a2eb0\" data-element_type=\"container\" data-e-type=\"container\">\n\t\t\t\t<div class=\"elementor-element elementor-element-4cd958da elementor-widget__width-inherit hero-dark elementor-widget elementor-widget-html\" data-id=\"4cd958da\" data-element_type=\"widget\" data-e-type=\"widget\" data-widget_type=\"html.default\">\n\t\t\t\t\t<div class=\"sayfa-hero-lcp\">\r\n<img fetchpriority=\"high\" \r\n  src=\"https:\/\/ankaradokumsanayi.com\/wp-content\/uploads\/2026\/04\/dokum.webp\"\r\n  alt=\"ankara d\u00f6k\u00fcm sanayi \u00fcretim sahas\u0131\"\r\n  fetchpriority=\"high\"\r\n  loading=\"eager\"\r\n  decoding=\"sync\"\r\n  width=\"1920\"\r\n  height=\"670\"\r\n>\r\n<\/div>\t\t\t\t<\/div>\n\t\t\t\t<\/div>\n\t\t<div class=\"elementor-element elementor-element-1f033d81 e-con-full e-flex e-con e-parent\" data-id=\"1f033d81\" data-element_type=\"container\" data-e-type=\"container\">\n\t\t<div class=\"elementor-element elementor-element-4eb0ee4c e-con-full e-flex e-con e-child\" data-id=\"4eb0ee4c\" data-element_type=\"container\" data-e-type=\"container\">\n\t\t<div class=\"elementor-element elementor-element-42c93289 e-con-full e-flex e-con e-child\" data-id=\"42c93289\" data-element_type=\"container\" data-e-type=\"container\">\n\t\t\t\t<div class=\"elementor-element elementor-element-6ab3c7f0 elementor-widget elementor-widget-html\" data-id=\"6ab3c7f0\" data-element_type=\"widget\" data-e-type=\"widget\" data-widget_type=\"html.default\">\n\t\t\t\t\t<img src=\"\/wp-content\/uploads\/2026\/04\/2754_0-800x800.png.webp\" fetchpriority=\"high\" loading=\"eager\" decoding=\"sync\" alt=\"| Ankara d\u00f6k\u00fcm sanayi\">\t\t\t\t<\/div>\n\t\t\t\t<\/div>\n\t\t<div class=\"elementor-element elementor-element-1c1cbe69 e-con-full e-flex e-con e-child\" data-id=\"1c1cbe69\" data-element_type=\"container\" data-e-type=\"container\">\n\t\t\t\t<div class=\"elementor-element elementor-element-3cfd1300 elementor-widget elementor-widget-heading\" data-id=\"3cfd1300\" data-element_type=\"widget\" data-e-type=\"widget\" data-widget_type=\"heading.default\">\n\t\t\t\t\t<h1 class=\"elementor-heading-title elementor-size-default\">88kg GGG50 \u0130ski R\u00f6gar Kapa\u011f\u0131<\/h1>\t\t\t\t<\/div>\n\t\t<div class=\"elementor-element elementor-element-4c9dcb59 e-con-full e-flex e-con e-child\" data-id=\"4c9dcb59\" data-element_type=\"container\" data-e-type=\"container\">\n\t\t\t\t<div class=\"elementor-element elementor-element-4734cf34 elementor-widget__width-inherit elementor-widget elementor-widget-text-editor\" data-id=\"4734cf34\" data-element_type=\"widget\" data-e-type=\"widget\" data-widget_type=\"text-editor.default\">\n\t\t\t\t\t\t\t\t\t<p><strong>A:<\/strong>810\u00a0 <strong>O<\/strong>:600\u00a0 \u00a0<strong>C<\/strong>:695\u00a0 <strong>H<\/strong>:90\u00a0 \u00a0<strong>Kg<\/strong>:88<\/p>\t\t\t\t\t\t\t\t<\/div>\n\t\t\t\t<div class=\"elementor-element elementor-element-28cfb436 elementor-widget__width-inherit elementor-widget elementor-widget-image\" data-id=\"28cfb436\" data-element_type=\"widget\" data-e-type=\"widget\" data-widget_type=\"image.default\">\n\t\t\t\t\t\t\t\t\t\t\t\t\t\t\t<img decoding=\"async\" width=\"300\" height=\"150\" src=\"https:\/\/ankaradokumsanayi.com\/wp-content\/uploads\/2026\/04\/22-1-300x150-1.jpg\" class=\"attachment-full size-full wp-image-8332\" alt=\"| Ankara d\u00f6k\u00fcm sanayi\">\t\t\t\t\t\t\t\t\t\t\t\t\t\t\t<\/div>\n\t\t\t\t<\/div>\n\t\t\t\t<div class=\"elementor-element elementor-element-1a5cdfab elementor-mobile-align-center elementor-align-left elementor-widget__width-inherit elementor-widget-mobile__width-initial elementor-widget elementor-widget-button\" data-id=\"1a5cdfab\" data-element_type=\"widget\" data-e-type=\"widget\" data-widget_type=\"button.default\">\n\t\t\t\t\t\t\t\t\t\t<a class=\"elementor-button elementor-button-link elementor-size-sm\" href=\"https:\/\/ankaradokumsanayi.com\/index.php\/teklif-al\/\">\n\t\t\t\t\t\t<span class=\"elementor-button-content-wrapper\">\n\t\t\t\t\t\t\t\t\t<span class=\"elementor-button-text\">Teklif Al<\/span>\n\t\t\t\t\t<\/span>\n\t\t\t\t\t<\/a>\n\t\t\t\t\t\t\t\t<\/div>\n\t\t\t\t<div class=\"elementor-element elementor-element-3c7c0e8a elementor-widget-divider--view-line elementor-widget elementor-widget-divider\" data-id=\"3c7c0e8a\" data-element_type=\"widget\" data-e-type=\"widget\" data-widget_type=\"divider.default\">\n\t\t\t\t\t\t\t<div class=\"elementor-divider\">\n\t\t\t<span class=\"elementor-divider-separator\">\n\t\t\t\t\t\t<\/span>\n\t\t<\/div>\n\t\t\t\t\t\t<\/div>\n\t\t<div class=\"elementor-element elementor-element-4c870b08 e-grid e-con-full e-con e-child\" data-id=\"4c870b08\" data-element_type=\"container\" data-e-type=\"container\">\n\t\t\t\t<div class=\"elementor-element elementor-element-7fd4992e elementor-widget-mobile__width-auto elementor-widget__width-auto elementor-shape-rounded elementor-grid-0 e-grid-align-center elementor-widget elementor-widget-social-icons\" data-id=\"7fd4992e\" data-element_type=\"widget\" data-e-type=\"widget\" data-widget_type=\"social-icons.default\">\n\t\t\t\t\t\t\t<div class=\"elementor-social-icons-wrapper elementor-grid\" role=\"list\">\n\t\t\t\t\t\t\t<span class=\"elementor-grid-item\" role=\"listitem\">\n\t\t\t\t\t<a class=\"elementor-icon elementor-social-icon elementor-social-icon-facebook elementor-animation-pulse elementor-repeater-item-9a93a87\" href=\"https:\/\/facebook.com\/ankaragrupdokum\" target=\"_blank\" rel=\"noopener\">\n\t\t\t\t\t\t<span class=\"elementor-screen-only\">Facebook<\/span>\n\t\t\t\t\t\t<svg aria-hidden=\"true\" class=\"e-font-icon-svg e-fab-facebook\" viewBox=\"0 0 512 512\" xmlns=\"http:\/\/www.w3.org\/2000\/svg\"><path d=\"M504 256C504 119 393 8 256 8S8 119 8 256c0 123.78 90.69 226.38 209.25 245V327.69h-63V256h63v-54.64c0-62.15 37-96.48 93.67-96.48 27.14 0 55.52 4.84 55.52 4.84v61h-31.28c-30.8 0-40.41 19.12-40.41 38.73V256h68.78l-11 71.69h-57.78V501C413.31 482.38 504 379.78 504 256z\"><\/path><\/svg>\t\t\t\t\t<\/a>\n\t\t\t\t<\/span>\n\t\t\t\t\t\t\t<span class=\"elementor-grid-item\" role=\"listitem\">\n\t\t\t\t\t<a class=\"elementor-icon elementor-social-icon elementor-social-icon-instagram elementor-animation-pulse elementor-repeater-item-765c391\" href=\"https:\/\/www.instagram.com\/ankaragrupdokum\/\" target=\"_blank\" rel=\"noopener\">\n\t\t\t\t\t\t<span class=\"elementor-screen-only\">Instagram<\/span>\n\t\t\t\t\t\t<svg aria-hidden=\"true\" class=\"e-font-icon-svg e-fab-instagram\" viewBox=\"0 0 448 512\" xmlns=\"http:\/\/www.w3.org\/2000\/svg\"><path d=\"M224.1 141c-63.6 0-114.9 51.3-114.9 114.9s51.3 114.9 114.9 114.9S339 319.5 339 255.9 287.7 141 224.1 141zm0 189.6c-41.1 0-74.7-33.5-74.7-74.7s33.5-74.7 74.7-74.7 74.7 33.5 74.7 74.7-33.6 74.7-74.7 74.7zm146.4-194.3c0 14.9-12 26.8-26.8 26.8-14.9 0-26.8-12-26.8-26.8s12-26.8 26.8-26.8 26.8 12 26.8 26.8zm76.1 27.2c-1.7-35.9-9.9-67.7-36.2-93.9-26.2-26.2-58-34.4-93.9-36.2-37-2.1-147.9-2.1-184.9 0-35.8 1.7-67.6 9.9-93.9 36.1s-34.4 58-36.2 93.9c-2.1 37-2.1 147.9 0 184.9 1.7 35.9 9.9 67.7 36.2 93.9s58 34.4 93.9 36.2c37 2.1 147.9 2.1 184.9 0 35.9-1.7 67.7-9.9 93.9-36.2 26.2-26.2 34.4-58 36.2-93.9 2.1-37 2.1-147.8 0-184.8zM398.8 388c-7.8 19.6-22.9 34.7-42.6 42.6-29.5 11.7-99.5 9-132.1 9s-102.7 2.6-132.1-9c-19.6-7.8-34.7-22.9-42.6-42.6-11.7-29.5-9-99.5-9-132.1s-2.6-102.7 9-132.1c7.8-19.6 22.9-34.7 42.6-42.6 29.5-11.7 99.5-9 132.1-9s102.7-2.6 132.1 9c19.6 7.8 34.7 22.9 42.6 42.6 11.7 29.5 9 99.5 9 132.1s2.7 102.7-9 132.1z\"><\/path><\/svg>\t\t\t\t\t<\/a>\n\t\t\t\t<\/span>\n\t\t\t\t\t\t\t<span class=\"elementor-grid-item\" role=\"listitem\">\n\t\t\t\t\t<a class=\"elementor-icon elementor-social-icon elementor-social-icon-linkedin elementor-animation-pulse elementor-repeater-item-a22b927\" href=\"http:\/\/Linkedin.com\/company\/ankara-dokum\" target=\"_blank\" rel=\"noopener\">\n\t\t\t\t\t\t<span class=\"elementor-screen-only\">Linkedin<\/span>\n\t\t\t\t\t\t<svg aria-hidden=\"true\" class=\"e-font-icon-svg e-fab-linkedin\" viewBox=\"0 0 448 512\" xmlns=\"http:\/\/www.w3.org\/2000\/svg\"><path d=\"M416 32H31.9C14.3 32 0 46.5 0 64.3v383.4C0 465.5 14.3 480 31.9 480H416c17.6 0 32-14.5 32-32.3V64.3c0-17.8-14.4-32.3-32-32.3zM135.4 416H69V202.2h66.5V416zm-33.2-243c-21.3 0-38.5-17.3-38.5-38.5S80.9 96 102.2 96c21.2 0 38.5 17.3 38.5 38.5 0 21.3-17.2 38.5-38.5 38.5zm282.1 243h-66.4V312c0-24.8-.5-56.7-34.5-56.7-34.6 0-39.9 27-39.9 54.9V416h-66.4V202.2h63.7v29.2h.9c8.9-16.8 30.6-34.5 62.9-34.5 67.2 0 79.7 44.3 79.7 101.9V416z\"><\/path><\/svg>\t\t\t\t\t<\/a>\n\t\t\t\t<\/span>\n\t\t\t\t\t<\/div>\n\t\t\t\t\t\t<\/div>\n\t\t\t\t<div class=\"elementor-element elementor-element-1a3e38 elementor-widget elementor-widget-heading\" data-id=\"1a3e38\" data-element_type=\"widget\" data-e-type=\"widget\" data-widget_type=\"heading.default\">\n\t\t\t\t\t<h4 class=\"elementor-heading-title elementor-size-default\">Sosyal Medya <\/h4>\t\t\t\t<\/div>\n\t\t\t\t<\/div>\n\t\t<div class=\"elementor-element elementor-element-43f0db7c e-grid e-con-full e-con e-child\" data-id=\"43f0db7c\" data-element_type=\"container\" data-e-type=\"container\">\n\t\t\t\t<div class=\"elementor-element elementor-element-3b4b3d38 elementor-icon-list--layout-inline elementor-list-item-link-inline elementor-align-end elementor-widget__width-inherit elementor-mobile-align-center elementor-widget elementor-widget-icon-list\" data-id=\"3b4b3d38\" data-element_type=\"widget\" data-e-type=\"widget\" data-widget_type=\"icon-list.default\">\n\t\t\t\t\t\t\t<ul class=\"elementor-icon-list-items elementor-inline-items\">\n\t\t\t\t\t\t\t<li class=\"elementor-icon-list-item elementor-inline-item\">\n\t\t\t\t\t\t\t\t\t\t\t<span class=\"elementor-icon-list-icon\">\n\t\t\t\t\t\t\t<svg xmlns=\"http:\/\/www.w3.org\/2000\/svg\" width=\"240\" height=\"240\" viewBox=\"0 0 240 240\"><rect width=\"240\" height=\"240\" fill=\"white\"><\/rect><polygon points=\"120.00,28.00 135.22,43.50 155.21,35.00 163.33,55.15 185.05,54.95 184.85,76.67 205.00,84.79 196.50,104.78 212.00,120.00 196.50,135.22 205.00,155.21 184.85,163.33 185.05,185.05 163.33,184.85 155.21,205.00 135.22,196.50 120.00,212.00 104.78,196.50 84.79,205.00 76.67,184.85 54.95,185.05 55.15,163.33 35.00,155.21 43.50,135.22 28.00,120.00 43.50,104.78 35.00,84.79 55.15,76.67 54.95,54.95 76.67,55.15 84.79,35.00 104.78,43.50\" fill=\"#231f20\"><\/polygon><circle cx=\"120\" cy=\"120\" r=\"78\" fill=\"white\"><\/circle><circle cx=\"120\" cy=\"120\" r=\"70\" fill=\"none\" stroke=\"#231f20\" stroke-width=\"2.5\"><\/circle><polygon points=\"120,76 176,120 120,164 64,120\" fill=\"none\" stroke=\"#231f20\" stroke-width=\"7\"><\/polygon><text x=\"120\" y=\"136\" text-anchor=\"middle\" font-family=\"Arial, Helvetica, sans-serif\" font-weight=\"700\" font-size=\"48\" fill=\"#231f20\">TSE<\/text><\/svg>\t\t\t\t\t\t<\/span>\n\t\t\t\t\t\t\t\t\t\t<span class=\"elementor-icon-list-text\"><\/span>\n\t\t\t\t\t\t\t\t\t<\/li>\n\t\t\t\t\t\t\t\t<li class=\"elementor-icon-list-item elementor-inline-item\">\n\t\t\t\t\t\t\t\t\t\t\t<span class=\"elementor-icon-list-icon\">\n\t\t\t\t\t\t\t<svg xmlns=\"http:\/\/www.w3.org\/2000\/svg\" width=\"240\" height=\"240\" viewBox=\"0 0 240 240\"><rect width=\"240\" height=\"240\" fill=\"white\"><\/rect><polygon points=\"120.00,28.00 135.22,43.50 155.21,35.00 163.33,55.15 185.05,54.95 184.85,76.67 205.00,84.79 196.50,104.78 212.00,120.00 196.50,135.22 205.00,155.21 184.85,163.33 185.05,185.05 163.33,184.85 155.21,205.00 135.22,196.50 120.00,212.00 104.78,196.50 84.79,205.00 76.67,184.85 54.95,185.05 55.15,163.33 35.00,155.21 43.50,135.22 28.00,120.00 43.50,104.78 35.00,84.79 55.15,76.67 54.95,54.95 76.67,55.15 84.79,35.00 104.78,43.50\" fill=\"#231f20\"><\/polygon><circle cx=\"120\" cy=\"120\" r=\"78\" fill=\"white\"><\/circle><circle cx=\"120\" cy=\"120\" r=\"70\" fill=\"none\" stroke=\"#231f20\" stroke-width=\"2.5\"><\/circle><line x1=\"68\" y1=\"96\" x2=\"172\" y2=\"96\" stroke=\"#231f20\" stroke-width=\"4.5\" stroke-linecap=\"round\"><\/line><line x1=\"68\" y1=\"144\" x2=\"172\" y2=\"144\" stroke=\"#231f20\" stroke-width=\"4.5\" stroke-linecap=\"round\"><\/line><text x=\"120\" y=\"132\" text-anchor=\"middle\" font-family=\"Arial, Helvetica, sans-serif\" font-weight=\"700\" font-size=\"36\" fill=\"#231f20\">EN-124<\/text><\/svg>\t\t\t\t\t\t<\/span>\n\t\t\t\t\t\t\t\t\t\t<span class=\"elementor-icon-list-text\"><\/span>\n\t\t\t\t\t\t\t\t\t<\/li>\n\t\t\t\t\t\t<\/ul>\n\t\t\t\t\t\t<\/div>\n\t\t\t\t<\/div>\n\t\t\t\t<\/div>\n\t\t\t\t<\/div>\n\t\t\t\t<div class=\"elementor-element elementor-element-23268714 elementor-widget__width-initial elementor-widget-mobile__width-initial elementor-widget elementor-widget-heading\" data-id=\"23268714\" data-element_type=\"widget\" data-e-type=\"widget\" data-widget_type=\"heading.default\">\n\t\t\t\t\t<h2 class=\"elementor-heading-title elementor-size-default\">88 kg \u0130SK\u0130 baca kapa\u011f\u0131; \u0130stanbul Su ve Kanalizasyon \u0130daresi (\u0130SK\u0130) altyap\u0131 projelerinde kullan\u0131lmak \u00fczere, \u0130SK\u0130 teknik \u015fartnamelerine uygun olarak \u00fcretilen, y\u00fcksek dayan\u0131ml\u0131 bir d\u00f6k\u00fcm altyap\u0131 \u00fcr\u00fcn\u00fcd\u00fcr. Ana arterler, \u015fehir i\u00e7i yollar, sanayi b\u00f6lgeleri ve yo\u011fun ara\u00e7 trafi\u011fine maruz kalan alanlarda g\u00fcvenli kullan\u0131m sa\u011flar.<\/h2>\t\t\t\t<\/div>\n\t\t\t\t<div class=\"elementor-element elementor-element-cee3442 elementor-widget-mobile__width-inherit elementor-widget elementor-widget-heading\" data-id=\"cee3442\" data-element_type=\"widget\" data-e-type=\"widget\" data-widget_type=\"heading.default\">\n\t\t\t\t\t<h3 class=\"elementor-heading-title elementor-size-default\">\u00dcr\u00fcn G\u00f6rselleri<\/h3>\t\t\t\t<\/div>\n\t\t\t\t<div class=\"elementor-element elementor-element-3cd4dc60 elementor-widget-mobile__width-inherit elementor-widget elementor-widget-text-editor\" data-id=\"3cd4dc60\" data-element_type=\"widget\" data-e-type=\"widget\" data-widget_type=\"text-editor.default\">\n\t\t\t\t\t\t\t\t\t<p>Sa\u011flam D\u00f6k\u00fcm, G\u00fc\u00e7l\u00fc Yar\u0131nlar!<\/p>\t\t\t\t\t\t\t\t<\/div>\n\t\t\t\t<div class=\"elementor-element elementor-element-4baf1906 elementor-widget__width-initial elementor-widget-mobile__width-inherit elementor-invisible elementor-widget elementor-widget-image-gallery\" data-id=\"4baf1906\" data-element_type=\"widget\" data-e-type=\"widget\" data-settings=\"{&quot;_animation&quot;:&quot;fadeIn&quot;,&quot;_animation_delay&quot;:400}\" data-widget_type=\"image-gallery.default\">\n\t\t\t\t\t\t\t<div class=\"elementor-image-gallery\">\n\t\t\t<div id='gallery-1' class='gallery galleryid-1599 gallery-columns-2 gallery-size-full'><figure class='gallery-item'>\n\t\t\t<div class='gallery-icon landscape'>\n\t\t\t\t<a data-elementor-open-lightbox=\"yes\" data-elementor-lightbox-slideshow=\"4baf1906\" data-elementor-lightbox-title=\"R\u00f6gar Kapa\u011f\u0131 \u0130\u00e7 Foto\u011fraf\u0131\" data-e-action-hash=\"#elementor-action%3Aaction%3Dlightbox%26settings%3DeyJpZCI6ODMzMCwidXJsIjoiaHR0cHM6XC9cL2Fua2FyYWRva3Vtc2FuYXlpLmNvbVwvd3AtY29udGVudFwvdXBsb2Fkc1wvMjAyNlwvMDRcLzZfMS02MDB4NjAwLTEucG5nIiwic2xpZGVzaG93IjoiNGJhZjE5MDYifQ%3D%3D\" href=\"https:\/\/ankaradokumsanayi.com\/wp-content\/uploads\/2026\/04\/6_1-600x600-1.png\"><img decoding=\"async\" width=\"600\" height=\"600\" src=\"https:\/\/ankaradokumsanayi.com\/wp-content\/uploads\/2026\/04\/6_1-600x600-1.png\" class=\"attachment-full size-full\" alt=\"R\u00f6gar Kapa\u011f\u0131 \u00e7er\u00e7evesi\" aria-describedby=\"gallery-1-8330\" srcset=\"https:\/\/ankaradokumsanayi.com\/wp-content\/uploads\/2026\/04\/6_1-600x600-1.png 600w, https:\/\/ankaradokumsanayi.com\/wp-content\/uploads\/2026\/04\/6_1-600x600-1-300x300.png 300w, https:\/\/ankaradokumsanayi.com\/wp-content\/uploads\/2026\/04\/6_1-600x600-1-150x150.png 150w\" sizes=\"(max-width: 600px) 100vw, 600px\" \/><\/a>\n\t\t\t<\/div>\n\t\t\t\t<figcaption class='wp-caption-text gallery-caption' id='gallery-1-8330'>\n\t\t\t\tr\u00f6gar kapa\u011f\u0131 arka k\u0131s\u0131m \n\t\t\t\t<\/figcaption><\/figure><figure class='gallery-item'>\n\t\t\t<div class='gallery-icon landscape'>\n\t\t\t\t<a data-elementor-open-lightbox=\"yes\" data-elementor-lightbox-slideshow=\"4baf1906\" data-elementor-lightbox-title=\"88Kg GGG50 \u0130ski R\u00f6gar Kapa\u011f\u0131\" data-e-action-hash=\"#elementor-action%3Aaction%3Dlightbox%26settings%3DeyJpZCI6ODM2NywidXJsIjoiaHR0cHM6XC9cL2Fua2FyYWRva3Vtc2FuYXlpLmNvbVwvd3AtY29udGVudFwvdXBsb2Fkc1wvMjAyNlwvMDRcLzI3NTRfMC04MDB4ODAwLnBuZy53ZWJwIiwic2xpZGVzaG93IjoiNGJhZjE5MDYifQ%3D%3D\" href=\"https:\/\/ankaradokumsanayi.com\/wp-content\/uploads\/2026\/04\/2754_0-800x800.png.webp\"><img decoding=\"async\" width=\"800\" height=\"800\" src=\"https:\/\/ankaradokumsanayi.com\/wp-content\/uploads\/2026\/04\/2754_0-800x800.png.webp\" class=\"attachment-full size-full\" alt=\"88kg sfero kapak tak\u0131m\u0131 sfero kapak, pik kapak\" aria-describedby=\"gallery-1-8367\" srcset=\"https:\/\/ankaradokumsanayi.com\/wp-content\/uploads\/2026\/04\/2754_0-800x800.png.webp 800w, https:\/\/ankaradokumsanayi.com\/wp-content\/uploads\/2026\/04\/2754_0-800x800.png-300x300.webp 300w, https:\/\/ankaradokumsanayi.com\/wp-content\/uploads\/2026\/04\/2754_0-800x800.png-150x150.webp 150w, https:\/\/ankaradokumsanayi.com\/wp-content\/uploads\/2026\/04\/2754_0-800x800.png-768x768.webp 768w\" sizes=\"(max-width: 800px) 100vw, 800px\" \/><\/a>\n\t\t\t<\/div>\n\t\t\t\t<figcaption class='wp-caption-text gallery-caption' id='gallery-1-8367'>\n\t\t\t\t88kg \u0130ski R\u00f6gar Kapa\u011f\u0131\n\t\t\t\t<\/figcaption><\/figure>\n\t\t<\/div>\n\t\t<\/div>\n\t\t\t\t\t\t<\/div>\n\t\t<div class=\"elementor-element elementor-element-43b29238 e-grid e-con-full e-con e-child\" data-id=\"43b29238\" data-element_type=\"container\" data-e-type=\"container\">\n\t\t<div class=\"elementor-element elementor-element-2b76c69 e-con-full e-flex e-con e-child\" data-id=\"2b76c69\" data-element_type=\"container\" data-e-type=\"container\">\n\t\t\t\t<div class=\"elementor-element elementor-element-9b73362 elementor-widget elementor-widget-text-editor\" data-id=\"9b73362\" data-element_type=\"widget\" data-e-type=\"widget\" data-widget_type=\"text-editor.default\">\n\t\t\t\t\t\t\t\t\t<p>Tip<\/p>\t\t\t\t\t\t\t\t<\/div>\n\t\t\t\t<div class=\"elementor-element elementor-element-3f168aa3 elementor-widget elementor-widget-text-editor\" data-id=\"3f168aa3\" data-element_type=\"widget\" data-e-type=\"widget\" data-widget_type=\"text-editor.default\">\n\t\t\t\t\t\t\t\t\t<p>A\u011f\u0131r Y\u00fck<\/p>\t\t\t\t\t\t\t\t<\/div>\n\t\t\t\t<\/div>\n\t\t<div class=\"elementor-element elementor-element-1a1660dc e-con-full e-flex e-con e-child\" data-id=\"1a1660dc\" data-element_type=\"container\" data-e-type=\"container\">\n\t\t\t\t<div class=\"elementor-element elementor-element-496efaf4 elementor-widget elementor-widget-text-editor\" data-id=\"496efaf4\" data-element_type=\"widget\" data-e-type=\"widget\" data-widget_type=\"text-editor.default\">\n\t\t\t\t\t\t\t\t\t<p>Y\u00fck Dayan\u0131m\u0131<\/p>\t\t\t\t\t\t\t\t<\/div>\n\t\t\t\t<div class=\"elementor-element elementor-element-62f731c5 elementor-widget elementor-widget-text-editor\" data-id=\"62f731c5\" data-element_type=\"widget\" data-e-type=\"widget\" data-widget_type=\"text-editor.default\">\n\t\t\t\t\t\t\t\t\t<p>400 Kn (40 Ton)<\/p>\t\t\t\t\t\t\t\t<\/div>\n\t\t\t\t<\/div>\n\t\t<div class=\"elementor-element elementor-element-50513f0b e-con-full e-flex e-con e-child\" data-id=\"50513f0b\" data-element_type=\"container\" data-e-type=\"container\">\n\t\t\t\t<div class=\"elementor-element elementor-element-23c13f92 elementor-widget elementor-widget-text-editor\" data-id=\"23c13f92\" data-element_type=\"widget\" data-e-type=\"widget\" data-widget_type=\"text-editor.default\">\n\t\t\t\t\t\t\t\t\t<p>S\u0131n\u0131f<\/p>\t\t\t\t\t\t\t\t<\/div>\n\t\t\t\t<div class=\"elementor-element elementor-element-f59e8c5 elementor-widget elementor-widget-text-editor\" data-id=\"f59e8c5\" data-element_type=\"widget\" data-e-type=\"widget\" data-widget_type=\"text-editor.default\">\n\t\t\t\t\t\t\t\t\t<p>D400<\/p>\t\t\t\t\t\t\t\t<\/div>\n\t\t\t\t<\/div>\n\t\t\t\t<\/div>\n\t\t\t\t<\/div>\n\t\t\t\t<\/div>\n\t\t","protected":false},"excerpt":{"rendered":"<p>88kg GGG50 \u0130ski R\u00f6gar Kapa\u011f\u0131 A:810\u00a0 O:600\u00a0 \u00a0C:695\u00a0 H:90\u00a0 \u00a0Kg:88 Teklif Al Facebook Instagram Linkedin Sosyal Medya TSE EN-124 88 [&hellip;]<\/p>\n","protected":false},"author":1,"featured_media":1600,"parent":0,"menu_order":0,"comment_status":"closed","ping_status":"closed","template":"","meta":{"site-sidebar-layout":"no-sidebar","site-content-layout":"","ast-site-content-layout":"full-width-container","site-content-style":"default","site-sidebar-style":"default","ast-global-header-display":"","ast-banner-title-visibility":"","ast-main-header-display":"","ast-hfb-above-header-display":"","ast-hfb-below-header-display":"","ast-hfb-mobile-header-display":"","site-post-title":"disabled","ast-breadcrumbs-content":"","ast-featured-img":"disabled","footer-sml-layout":"","ast-disable-related-posts":"","theme-transparent-header-meta":"","adv-header-id-meta":"","stick-header-meta":"","header-above-stick-meta":"","header-main-stick-meta":"","header-below-stick-meta":"","astra-migrate-meta-layouts":"default","ast-page-background-enabled":"default","ast-page-background-meta":{"desktop":{"background-color":"var(--ast-global-color-4)","background-image":"","background-repeat":"repeat","background-position":"center center","background-size":"auto","background-attachment":"scroll","background-type":"","background-media":"","overlay-type":"","overlay-color":"","overlay-opacity":"","overlay-gradient":""},"tablet":{"background-color":"","background-image":"","background-repeat":"repeat","background-position":"center center","background-size":"auto","background-attachment":"scroll","background-type":"","background-media":"","overlay-type":"","overlay-color":"","overlay-opacity":"","overlay-gradient":""},"mobile":{"background-color":"","background-image":"","background-repeat":"repeat","background-position":"center center","background-size":"auto","background-attachment":"scroll","background-type":"","background-media":"","overlay-type":"","overlay-color":"","overlay-opacity":"","overlay-gradient":""}},"ast-content-background-meta":{"desktop":{"background-color":"var(--ast-global-color-5)","background-image":"","background-repeat":"repeat","background-position":"center center","background-size":"auto","background-attachment":"scroll","background-type":"","background-media":"","overlay-type":"","overlay-color":"","overlay-opacity":"","overlay-gradient":""},"tablet":{"background-color":"var(--ast-global-color-5)","background-image":"","background-repeat":"repeat","background-position":"center center","background-size":"auto","background-attachment":"scroll","background-type":"","background-media":"","overlay-type":"","overlay-color":"","overlay-opacity":"","overlay-gradient":""},"mobile":{"background-color":"var(--ast-global-color-5)","background-image":"","background-repeat":"repeat","background-position":"center center","background-size":"auto","background-attachment":"scroll","background-type":"","background-media":"","overlay-type":"","overlay-color":"","overlay-opacity":"","overlay-gradient":""}},"footnotes":""},"class_list":["post-1599","page","type-page","status-publish","has-post-thumbnail","hentry"],"_links":{"self":[{"href":"https:\/\/ankaradokumsanayi.com\/wp-json\/wp\/v2\/pages\/1599","targetHints":{"allow":["GET"]}}],"collection":[{"href":"https:\/\/ankaradokumsanayi.com\/wp-json\/wp\/v2\/pages"}],"about":[{"href":"https:\/\/ankaradokumsanayi.com\/wp-json\/wp\/v2\/types\/page"}],"author":[{"embeddable":true,"href":"https:\/\/ankaradokumsanayi.com\/wp-json\/wp\/v2\/users\/1"}],"replies":[{"embeddable":true,"href":"https:\/\/ankaradokumsanayi.com\/wp-json\/wp\/v2\/comments?post=1599"}],"version-history":[{"count":0,"href":"https:\/\/ankaradokumsanayi.com\/wp-json\/wp\/v2\/pages\/1599\/revisions"}],"wp:featuredmedia":[{"embeddable":true,"href":"https:\/\/ankaradokumsanayi.com\/wp-json\/wp\/v2\/media\/1600"}],"wp:attachment":[{"href":"https:\/\/ankaradokumsanayi.com\/wp-json\/wp\/v2\/media?parent=1599"}],"curies":[{"name":"wp","href":"https:\/\/api.w.org\/{rel}","templated":true}]}}